{"id":3040,"date":"2023-06-16T16:28:43","date_gmt":"2023-06-16T15:28:43","guid":{"rendered":"http:\/\/www.attin-mairie.fr\/?page_id=3040"},"modified":"2023-06-16T16:49:27","modified_gmt":"2023-06-16T15:49:27","slug":"la-plume-a-loup","status":"publish","type":"page","link":"https:\/\/www.attin-mairie.fr\/?page_id=3040","title":{"rendered":"La plume \u00e0 loup"},"content":{"rendered":"\t\t<div data-elementor-type=\"wp-page\" data-elementor-id=\"3040\" class=\"elementor elementor-3040\">\n\t\t\t\t\t\t<section class=\"elementor-section elementor-top-section elementor-element elementor-element-5ba76ec3 elementor-section-boxed elementor-section-height-default elementor-section-height-default\" data-id=\"5ba76ec3\" data-element_type=\"section\" data-e-type=\"section\">\n\t\t\t\t\t\t<div class=\"elementor-container elementor-column-gap-default\">\n\t\t\t\t\t<div class=\"elementor-column elementor-col-100 elementor-top-column elementor-element elementor-element-3b22f9b\" data-id=\"3b22f9b\" data-element_type=\"column\" data-e-type=\"column\">\n\t\t\t<div class=\"elementor-widget-wrap elementor-element-populated\">\n\t\t\t\t\t\t<div class=\"elementor-element elementor-element-1391b8d elementor-widget elementor-widget-text-editor\" data-id=\"1391b8d\" data-element_type=\"widget\" data-e-type=\"widget\" data-widget_type=\"text-editor.default\">\n\t\t\t\t<div class=\"elementor-widget-container\">\n\t\t\t\t\t\t\t\t\t<h6><span style=\"color: #000000;\">La plume \u00e0 loup se situe rue de la Vend\u00e9e. Lieu d&rsquo;accueil et d&rsquo;\u00e9changes, ses activit\u00e9s sont tr\u00e8s diverses. Vous voulez en savoir plus, et bien entrez, <i>tant que le loup n&rsquo;y est pas&#8230;<\/i><\/span><\/h6><h6><a href=\"https:\/\/laplumealoup.fr\"><span style=\"color: #0000ff;\">https:\/\/laplumealoup.fr<\/span><\/a><\/h6><p><span style=\"color: #0000ff;\">https:\/\/laplumealoup.fr\/la-programmation-du-cafe\/<\/span><\/p>\t\t\t\t\t\t\t\t<\/div>\n\t\t\t\t<\/div>\n\t\t\t\t\t<\/div>\n\t\t<\/div>\n\t\t\t\t\t<\/div>\n\t\t<\/section>\n\t\t\t\t<\/div>\n\t\t","protected":false},"excerpt":{"rendered":"<p>La plume \u00e0 loup se situe rue de la Vend\u00e9e. Lieu d&rsquo;accueil et d&rsquo;\u00e9changes, ses activit\u00e9s sont tr\u00e8s diverses. Vous voulez en savoir plus, et bien entrez, tant que le loup n&rsquo;y est pas&#8230; https:\/\/laplumealoup.fr Demandez le programme !<\/p>\n","protected":false},"author":1,"featured_media":0,"parent":0,"menu_order":0,"comment_status":"closed","ping_status":"closed","template":"","meta":{"ngg_post_thumbnail":0,"footnotes":""},"class_list":["post-3040","page","type-page","status-publish","hentry"],"_links":{"self":[{"href":"https:\/\/www.attin-mairie.fr\/index.php?rest_route=\/wp\/v2\/pages\/3040","targetHints":{"allow":["GET"]}}],"collection":[{"href":"https:\/\/www.attin-mairie.fr\/index.php?rest_route=\/wp\/v2\/pages"}],"about":[{"href":"https:\/\/www.attin-mairie.fr\/index.php?rest_route=\/wp\/v2\/types\/page"}],"author":[{"embeddable":true,"href":"https:\/\/www.attin-mairie.fr\/index.php?rest_route=\/wp\/v2\/users\/1"}],"replies":[{"embeddable":true,"href":"https:\/\/www.attin-mairie.fr\/index.php?rest_route=%2Fwp%2Fv2%2Fcomments&post=3040"}],"version-history":[{"count":6,"href":"https:\/\/www.attin-mairie.fr\/index.php?rest_route=\/wp\/v2\/pages\/3040\/revisions"}],"predecessor-version":[{"id":3051,"href":"https:\/\/www.attin-mairie.fr\/index.php?rest_route=\/wp\/v2\/pages\/3040\/revisions\/3051"}],"wp:attachment":[{"href":"https:\/\/www.attin-mairie.fr\/index.php?rest_route=%2Fwp%2Fv2%2Fmedia&parent=3040"}],"curies":[{"name":"wp","href":"https:\/\/api.w.org\/{rel}","templated":true}]}}