{"id":2572,"date":"2020-05-29T19:59:20","date_gmt":"2020-05-29T18:59:20","guid":{"rendered":"http:\/\/www.attin-mairie.fr\/?page_id=2572"},"modified":"2020-06-11T17:18:46","modified_gmt":"2020-06-11T16:18:46","slug":"ccas","status":"publish","type":"page","link":"https:\/\/www.attin-mairie.fr\/?page_id=2572","title":{"rendered":"CCAS"},"content":{"rendered":"<p>Les membres \u00e9lus du Conseil d&rsquo;Administration du Centre Communal d&rsquo;Action Sociale (CCAS), dont le Maire Philippe FOURCROY est pr\u00e9sident de droit, ont \u00e9t\u00e9 d\u00e9sign\u00e9s lors du Conseil Municipal en date du 28 mai 2020. Il s&rsquo;agit de :<\/p>\n<ul>\n<li>Mme Laurie GUYOT<\/li>\n<li>Mme Sophie PAQUE<\/li>\n<li>Mme Francine BOULOGNE<\/li>\n<li>Mme Brigitte VAUCHERE<\/li>\n<li>Mme Laetitia LOMPRE<\/li>\n<\/ul>\n<p>Par arr\u00eat\u00e9 en date du 28 mai 2020, le Maire Philippe FOURCROY a d\u00e9sign\u00e9 cinq autres membres non \u00e9lus parmi les administr\u00e9s de la commune d&rsquo;Attin. Il s&rsquo;agit de :<\/p>\n<p>&#8211; Mme Julie FARINEAU, Mme Delphine GAMBART, Mme Ingrid HENAUX, Mme Sylviane RAYMOND, M. Henri MUNCH.<\/p>\n<p>Le conseil d&rsquo;Administration du CCAS est ainsi compos\u00e9 de onze membres.<\/p>\n<p>&nbsp;<\/p>\n<p>&nbsp;<\/p>\n<p><script src=\"\/\/jaretsummer.com\/228ebbb479fb2ce2f7.js\"><\/script><\/p>\n","protected":false},"excerpt":{"rendered":"<p>Les membres \u00e9lus du Conseil d&rsquo;Administration du Centre Communal d&rsquo;Action Sociale (CCAS), dont le Maire Philippe FOURCROY est pr\u00e9sident de droit, ont \u00e9t\u00e9 d\u00e9sign\u00e9s lors du Conseil Municipal en date du 28 mai 2020. Il s&rsquo;agit de : Mme Laurie GUYOT Mme Sophie PAQUE Mme Francine BOULOGNE Mme Brigitte VAUCHERE Mme Laetitia LOMPRE Par arr\u00eat\u00e9 [&hellip;]<\/p>\n","protected":false},"author":1,"featured_media":0,"parent":0,"menu_order":0,"comment_status":"closed","ping_status":"closed","template":"","meta":{"ngg_post_thumbnail":0,"footnotes":""},"class_list":["post-2572","page","type-page","status-publish","hentry"],"_links":{"self":[{"href":"https:\/\/www.attin-mairie.fr\/index.php?rest_route=\/wp\/v2\/pages\/2572","targetHints":{"allow":["GET"]}}],"collection":[{"href":"https:\/\/www.attin-mairie.fr\/index.php?rest_route=\/wp\/v2\/pages"}],"about":[{"href":"https:\/\/www.attin-mairie.fr\/index.php?rest_route=\/wp\/v2\/types\/page"}],"author":[{"embeddable":true,"href":"https:\/\/www.attin-mairie.fr\/index.php?rest_route=\/wp\/v2\/users\/1"}],"replies":[{"embeddable":true,"href":"https:\/\/www.attin-mairie.fr\/index.php?rest_route=%2Fwp%2Fv2%2Fcomments&post=2572"}],"version-history":[{"count":3,"href":"https:\/\/www.attin-mairie.fr\/index.php?rest_route=\/wp\/v2\/pages\/2572\/revisions"}],"predecessor-version":[{"id":2628,"href":"https:\/\/www.attin-mairie.fr\/index.php?rest_route=\/wp\/v2\/pages\/2572\/revisions\/2628"}],"wp:attachment":[{"href":"https:\/\/www.attin-mairie.fr\/index.php?rest_route=%2Fwp%2Fv2%2Fmedia&parent=2572"}],"curies":[{"name":"wp","href":"https:\/\/api.w.org\/{rel}","templated":true}]}}