{"id":1248,"date":"2017-03-09T15:54:36","date_gmt":"2017-03-09T14:54:36","guid":{"rendered":"http:\/\/www.attin-mairie.fr\/?page_id=1248"},"modified":"2017-04-27T08:21:26","modified_gmt":"2017-04-27T07:21:26","slug":"urgences","status":"publish","type":"page","link":"https:\/\/www.attin-mairie.fr\/?page_id=1248","title":{"rendered":"Urgences \/ Sant\u00e9"},"content":{"rendered":"<table width=\"100%\">\n<tbody>\n<tr>\n<td width=\"33%\">\n<h5 style=\"text-align: left;\"><strong>COMMISSARIAT DE POLICE<\/strong><\/h5>\n<\/td>\n<td width=\"33%\">\n<h5><strong>BERCK\/MER<\/strong><\/h5>\n<\/td>\n<td width=\"33%\">\n<h5><strong>ROND-POINT DU COTTAGE DES DUNES<\/strong><\/h5>\n<h5><strong><em>03.21.09.84.17<\/em><\/strong><\/h5>\n<\/td>\n<\/tr>\n<tr>\n<td width=\"33%\">\n<h5><strong>GENDARMERIE<\/strong><\/h5>\n<\/td>\n<td width=\"33%\">\n<h5><strong>ECUIRES<\/strong><\/h5>\n<\/td>\n<td width=\"33%\">\n<h5><strong>567 RUE DE PARIS<\/strong><\/h5>\n<h5><strong><em>03.21.06.00.17<\/em><\/strong><\/h5>\n<\/td>\n<\/tr>\n<tr>\n<td width=\"33%\">\n<h5><strong>POMPIERS (CIS)<\/strong><\/h5>\n<\/td>\n<td width=\"33%\">\n<h5><strong>MONTREUIL\/MER<\/strong><\/h5>\n<\/td>\n<td width=\"33%\">\n<h5><strong>130 CHAUSS\u00c9E MARCAD\u00c9E<\/strong><\/h5>\n<h5><strong><em>03.21.06.62.90<\/em><\/strong><\/h5>\n<\/td>\n<\/tr>\n<tr>\n<td width=\"33%\">\n<h5><strong>H\u00d4PITAL (CHAM)<\/strong><\/h5>\n<\/td>\n<td width=\"33%\">\n<h5><strong>RANG-DU-FLIERS<\/strong><\/h5>\n<\/td>\n<td width=\"33%\">\n<h5><strong>140 CHEMIN D\u00c9PARTEMENTAL 191<\/strong><\/h5>\n<h5><strong><em>03.21.89.45.45<\/em><\/strong><\/h5>\n<\/td>\n<\/tr>\n<tr>\n<td width=\"33%\">\n<h5><strong>MEDECINS<\/strong><\/h5>\n<\/td>\n<td width=\"33%\">\n<h5><strong>MONTREUIL\/MER<\/strong><\/h5>\n<\/td>\n<td width=\"33%\">\n<h5><strong>SCM DU CABINET M\u00c9DICAL SAINT-GENGOULT<\/strong><\/h5>\n<h5><strong>6 RUE SAINT-GENGOULT<\/strong><\/h5>\n<h5><strong><em>03.21.90.33.33<\/em><\/strong><\/h5>\n<h5><strong>CAJOU CHRISTIAN<\/strong><\/h5>\n<h5><strong>78 RUE PIERRE LEDENT<\/strong><\/h5>\n<h5><strong><em>03.21.81.82.33<\/em><\/strong><\/h5>\n<h5><strong>BRUY MYRIAM<\/strong><\/h5>\n<h5><strong>10 PLACE DU G\u00c9N\u00c9RAL DE GAULLE<\/strong><\/h5>\n<h5><strong><em>03.21.81.24.28<\/em><\/strong><\/h5>\n<h5><strong>SUSZYNSKI JEAN-MARC<\/strong><\/h5>\n<h5><strong>78 RUE PIERRE LEDENT<\/strong><\/h5>\n<h5><strong><em>03.21.81.82.33<\/em><\/strong><\/h5>\n<h5><strong>CHRAIBI Nadia<\/strong><\/h5>\n<h5><strong>89 Rue Pierre Ledent<\/strong><\/h5>\n<h5><strong><em>03.21.81.83.20<\/em><\/strong><\/h5>\n<\/td>\n<\/tr>\n<tr>\n<td width=\"33%\">\n<h5><strong>PHARMACIE<\/strong><\/h5>\n<\/td>\n<td width=\"33%\">\n<h5><strong>MONTREUIL\/MER<\/strong><\/h5>\n<h5><strong>&nbsp;<\/strong><\/h5>\n<h5><strong>&nbsp;<\/strong><\/h5>\n<h5><strong>&nbsp;<\/strong><\/h5>\n<h5><strong>&nbsp;<\/strong><\/h5>\n<h5><strong>&nbsp;<\/strong><\/h5>\n<h5>&nbsp;<strong>NEUVILLE SOUS MONTREUIL<\/strong><\/h5>\n<\/td>\n<td width=\"33%\">\n<h5><strong>PHARMACIE LEGENDRE<\/strong><\/h5>\n<h5><strong>6 PLACE DE DARN\u00c9TAL<\/strong><\/h5>\n<h5><strong><em>03.21.06.04.41<\/em><\/strong><\/h5>\n<h5><strong>PHARMACIE DE LA GRAND PLACE<\/strong><\/h5>\n<h5><strong>45 PLACE DU G\u00c9N\u00c9RAL DE GAULLE<\/strong><\/h5>\n<h5><strong><em>03.21.06.06.00<\/em><\/strong><\/h5>\n<h5><strong>PHARMACIE DOUAY<\/strong><\/h5>\n<h5><strong>7 RUE DE MONTREUIL<\/strong><\/h5>\n<h5><strong><em>03.21.06.21.41<\/em><\/strong><\/h5>\n<\/td>\n<\/tr>\n<\/tbody>\n<\/table>\n<h5 style=\"text-align: center;\">Lien vers les sp\u00e9cialistes autour de ATTIN:<\/h5>\n<h5 style=\"text-align: center;\"><a href=\"http:\/\/medecin-360.fr\/62\/attin\/\" target=\"_blank\" rel=\"noopener noreferrer\">http:\/\/medecin-360.fr\/62\/attin\/<\/a><\/h5>\n","protected":false},"excerpt":{"rendered":"<p>COMMISSARIAT DE POLICE BERCK\/MER ROND-POINT DU COTTAGE DES DUNES 03.21.09.84.17 GENDARMERIE ECUIRES 567 RUE DE PARIS 03.21.06.00.17 POMPIERS (CIS) MONTREUIL\/MER 130 CHAUSS\u00c9E MARCAD\u00c9E 03.21.06.62.90 H\u00d4PITAL (CHAM) RANG-DU-FLIERS 140 CHEMIN D\u00c9PARTEMENTAL 191 03.21.89.45.45 MEDECINS MONTREUIL\/MER SCM DU CABINET M\u00c9DICAL SAINT-GENGOULT 6 RUE SAINT-GENGOULT 03.21.90.33.33 CAJOU CHRISTIAN 78 RUE PIERRE LEDENT 03.21.81.82.33 BRUY MYRIAM 10 PLACE DU [&hellip;]<\/p>\n","protected":false},"author":1,"featured_media":1310,"parent":0,"menu_order":0,"comment_status":"closed","ping_status":"closed","template":"","meta":{"ngg_post_thumbnail":0,"footnotes":""},"class_list":["post-1248","page","type-page","status-publish","has-post-thumbnail","hentry"],"_links":{"self":[{"href":"https:\/\/www.attin-mairie.fr\/index.php?rest_route=\/wp\/v2\/pages\/1248","targetHints":{"allow":["GET"]}}],"collection":[{"href":"https:\/\/www.attin-mairie.fr\/index.php?rest_route=\/wp\/v2\/pages"}],"about":[{"href":"https:\/\/www.attin-mairie.fr\/index.php?rest_route=\/wp\/v2\/types\/page"}],"author":[{"embeddable":true,"href":"https:\/\/www.attin-mairie.fr\/index.php?rest_route=\/wp\/v2\/users\/1"}],"replies":[{"embeddable":true,"href":"https:\/\/www.attin-mairie.fr\/index.php?rest_route=%2Fwp%2Fv2%2Fcomments&post=1248"}],"version-history":[{"count":12,"href":"https:\/\/www.attin-mairie.fr\/index.php?rest_route=\/wp\/v2\/pages\/1248\/revisions"}],"predecessor-version":[{"id":1700,"href":"https:\/\/www.attin-mairie.fr\/index.php?rest_route=\/wp\/v2\/pages\/1248\/revisions\/1700"}],"wp:featuredmedia":[{"embeddable":true,"href":"https:\/\/www.attin-mairie.fr\/index.php?rest_route=\/wp\/v2\/media\/1310"}],"wp:attachment":[{"href":"https:\/\/www.attin-mairie.fr\/index.php?rest_route=%2Fwp%2Fv2%2Fmedia&parent=1248"}],"curies":[{"name":"wp","href":"https:\/\/api.w.org\/{rel}","templated":true}]}}